 What is the units digit of m?
8
Let x(p) = p**2 + 11*p + 18. Suppose 28 = -4*u - 3*y, -5*y + 20 = -0. Let m be x(u). What is the tens digit of (-4 - (m + 1))*-2?
2
Let m be (184/(-16))/((-1)/2). Suppose 7*d + m = -5. What is the units digit of (33/9 + d)*(-135)/3?
5
Suppose 2*m - 5*v = -2*m + 6, 2*m - 3*v - 2 = 0. Suppose 4*d + 803 = p + 9*d, -2*p + m*d = -1536. What is the units digit of p?
8
Let c(r) = -r**2 + 5*r - 1. Let z(n) = -n**3 + 8*n**2 + 8*n + 14. Let m be z(9). Let s be c(m). What is the units digit of (70 - 3) + (s - -3)?
9
Suppose -5543 = 34*x - 33*x - 23389. What is the units digit of x?
6
Let w = -13215 - -23938. What is the hundreds digit of w?
7
Let d(i) = -3*i + 69. Let q be d(-28). Let j = q + -71. What is the tens digit of j?
8
Suppose 8*j - 5*j = 27. Suppose -j - 9 = -r. Suppose -42 - r = -c. What is the tens digit of c?
6
Let l be 0*((-56)/98 + 30/28). Suppose 6*p + 19*p - 10750 = l. What is the units digit of p?
0
Suppose -2*m + 52560 = 5*a, -11044 + 142406 = 5*m + 3*a. What is the hundreds digit of m?
2
Let m = 39 - -1. Let h = -9 + m. Suppose 217 = 2*a - h. What is the tens digit of a?
2
Let z be -4*(3/4 - 2). Suppose -z*j + 3061 = -1339. Let b = j - 595. What is the hundreds digit of b?
2
Let q(v) = 704*v + 374. What is the hundreds digit of q(11)?
1
Suppose -4*s = 5*i - 272597, 0 = -5*s + 1071*i - 1067*i + 340695. What is the hundreds digit of s?
1
Let x(u) = -u**3 + 57*u**2 - 88*u + 599. What is the thousands digit of x(28)?
0
Let b be 6/(9*(-7)/(-42)). Suppose -696 = -4*w + 4*h, b*w - 3*h - 368 - 327 = 0. What is the tens digit of w?
7
Suppose -165 + 156 = 3*d. What is the tens digit of (-10*d/6)/(25/3275)?
5
Suppose l - 3 + 13 = -3*a, 4 = -l. Let p be 9 + 0 + (a - 4/2). Suppose 5*i - 1530 = -5*w, 0 = -p*i + w + 3*w + 1485. What is the hundreds digit of i?
3
Let o(l) = l**3 - 2*l**2 + 5*l - 3. Let p be (2/5)/(1/10). Let n be o(p). Let w = n + 24. What is the units digit of w?
3
Let f(b) = -8*b**2 + b + 47. Let i be f(-14). Let x = i - -2940. What is the thousands digit of x?
1
Suppose 3*g = r + 32, -3*g = -242*r + 238*r - 38. Let q be (2 - 2) + 1*7. Suppose 327 = -q*n + g*n. What is the tens digit of n?
0
What is the hundreds digit of (16/(-9*3/9))/((-4)/3306)?
4
Suppose 4*t + 1783 = 5*r, r + 5*t - 24 = 321. Let p = 286 - 88. Let g = r - p. What is the units digit of g?
7
Let r(a) be the first derivative of -a**4/4 + 10*a**3/3 - 7*a**2/2 + 8*a + 410. Let x be -3 - -12 - (1 - 0). What is the units digit of r(x)?
0
Suppose 0 = 3*p - 4*k - 8, 4*p - k = 2*p + 7. Suppose 0 = p*f + f - 55. Suppose 6*g = f*g - 245. What is the tens digit of g?
4
Suppose 9*h = 14*h - 2550. Suppose -4*v - 2*y = h - 1948, 3*v - 1062 = 4*y. Suppose -4*x = -v - 286. What is the hundreds digit of x?
1
Suppose 2*b + f + 4 = 0, 0 = -b - 2*b - 4*f - 16. Suppose b = 3*g - 6*g + 273. Let n = g - 65. What is the units digit of n?
6
Let b = 1357 - -3918. What is the units digit of b?
5
Suppose 4*g - 12 = 0, 65*j - 69283 = 60*j + 4*g. What is the units digit of j?
9
Suppose 6*k + 4100 = 16*k. Let v = k - -445. What is the units digit of v?
5
Let q(g) = -g**3 - 2*g**2 - 1. Let j(m) = 6*m**3 + 9*m**2 + m + 6. Let v(b) = -2*j(b) - 11*q(b). Let p be v(2). What is the units digit of 260/12*p - -1?
6
Let t(l) = -l**2 - 1. Let r(v) = -4*v - 17*v**2 + 1 - 2*v**2 + v + 0. Let p(b) = -r(b) + 6*t(b). What is the units digit of p(3)?
9
What is the tens digit of ((-149704)/(-20))/2 - 371/(-265)?
4
Suppose 0 = 2*u + 5*b - 20388 - 25416, 4*b + 68752 = 3*u. What is the thousands digit of u?
2
Suppose 0 = -164*z + 8099590 - 2327118. What is the units digit of z?
8
Suppose 0 = -h - 5*u + 7, 2*u = -2*h - 30 + 4. Let q(d) = -35*d - 154. What is the units digit of q(h)?
6
Suppose 0 = -4*v + 1 + 123. Suppose 0 = -447*s + 415*s. Suppose 6 = n - 4*a - v, s = n + 2*a - 31. What is the tens digit of n?
3
What is the hundreds digit of 14*30/70 - -15092?
0
Suppose p - x = 2, -3*x - x + 27 = p. Suppose -4*u + p*u - 411 = 0. Suppose 2*d = -4*q - 3*d + 125, -u = -4*q - d. What is the tens digit of q?
3
Suppose -5*f + 12 = -648. Suppose -548 = -4*w - f. What is the hundreds digit of w?
1
What is the units digit of (9/(-2))/((149 - 155) + (-35973)/(-5996))?
4
Let i be ((-5)/(20/(-8)))/((-1)/(-465)). Suppose 30 = 6*d - i. What is the units digit of d?
0
Suppose -126 + 720 = 18*l. Let b(s) = s**2 + s + 42. Let h be b(0). Let y = h - l. What is the units digit of y?
9
Let f(q) = 10*q**2 - 12*q + 4. Let b = 33 + -22. What is the units digit of f(b)?
2
Let j(v) = -v**3 - 3*v**2 + 4*v - 6. Let o be j(-4). What is the tens digit of (-23530)/325*(o - -1)?
6
Let p be (9 + 27)*(-11)/2. Let r = -43 + -63. Let w = r - p. What is the units digit of w?
2
Let x(n) = 376*n**2 + 373*n**2 + 402 - 743*n**2 + 4*n. What is the hundreds digit of x(0)?
4
Suppose -7*y + 26 + 2 = 0. Suppose -12*v + 14*v = 8, 3*v = -y*c + 3304. What is the hundreds digit of c?
8
Suppose -21*k + 30785 = -8905. Let v = -933 + k. What is the tens digit of v?
5
Suppose -11927 = -5*z - 5*r + 14418, -10536 = -2*z - 3*r. Suppose 1626 - z = -27*m. What is the tens digit of m?
3
Let a(s) = -s**2. Let h(b) = -11*b**2 + 4*b + 1. Let c(o) = -o**2 - 7*o + 22. Let p be c(-9). Let k(j) = p*a(j) - h(j). What is the units digit of k(5)?
4
Suppose -24*n - 119 = -7*n. What is the tens digit of 560 - (-54)/(n + -2)?
5
Let m = 1865 + -1060. Suppose -9*i + 3370 - m = 0. What is the tens digit of i?
8
Suppose -308*x - 1086891 = -337*x. What is the units digit of x?
9
Let x = 990 + -999. Suppose 88 = 4*y - 284. Let p = x + y. What is the units digit of p?
4
Suppose g + 1 = -2, 0 = -5*f + 5*g - 50. Let j(a) = 3*a + 25. Let b(q) = -6*q - 49. Let u(d) = -6*b(d) - 13*j(d). What is the units digit of u(f)?
8
Let c(k) = -6741*k - 437. What is the thousands digit of c(-4)?
6
Suppose 91327 = -877*v + 882*v - 15328. What is the ten thousands digit of v?
2
Let t(v) = -20*v + 2. Let l be t(6). Let x(w) = 262*w**3 - 2*w**2 + 4*w - 1. Let c be x(1). Let d = c + l. What is the hundreds digit of d?
1
What is the ten thousands digit of ((24/(-4))/18)/((40/(-361155))/8)?
2
What is the hundreds digit of 4754 - (5 - 1) - -13?
7
Let b(q) = 17. Let a be (-1 + 35/25)*-5. Let k(w) = -w - 35. Let h(c) = a*k(c) - 5*b(c). What is the units digit of h(10)?
5
Suppose -3*g + 44 = 5*d, -d = 2*g - g - 8. Let c(k) = -9*k**2 - 4*k + 3 + 10 - 5 + 2*k**3 - k**3. What is the tens digit of c(d)?
6
Let q = -185 - -182. What is the units digit of (3/(q/2))/((-82)/17917)?
7
Let x(p) = 5*p**3 + 62*p - 377. What is the tens digit of x(6)?
7
Suppose -a = -177 - 528. Let x = a - 418. What is the hundreds digit of x?
2
Let r(w) be the first derivative of -15*w**2 - 6*w + 1552. Let p = -10 + 4. What is the tens digit of r(p)?
7
Let g = 82 + -85. Let f be (g + 13)*(-228)/(-15). Let y = f + -87. What is the tens digit of y?
6
Let b(v) = 800*v - 56 - 40 - 37 + 192 - 38. What is the hundreds digit of b(2)?
6
What is the hundreds digit of (12630/75)/(2/50)?
2
Let p(c) = -2*c**2 - 22*c + 15. Let q be p(15). Let u = q + 1349. What is the hundreds digit of u?
5
Let j(n) = n**3 - 4*n**2 + 6*n - 2. Let d be j(4). Suppose -d = -10*k - 102. What is the units digit of (0 + -23)*(k + (-35)/(-5))?
3
Let g(c) = 41*c**2 + 5*c + 7. Suppose 9*a = 4*a + 70. Suppose 6*h = -h - a. What is the tens digit of g(h)?
6
Suppose -666*z = -672*z + 12174. Suppose -3*a - 4*c = -z, -3377 = -5*a - 3*c + c. What is the hundreds digit of a?
6
Let u = -237 + 420. Suppose -3*c - 3*o - 116 = 199, -3*o + 195 = -2*c. Let y = u + c. What is the units digit of y?
1
Let a = -27326 + 53330. What is the thousands digit of a?
6
Let p(f) = f**2 + 12*f - 5. Let l be p(-13). Let u be -700 + (-3)/(6/l). What is the tens digit of u/(-11) - (-3 + (1 - 0))?
6
Let r = 11815 + -3534. What is the hundreds digit of r?
2
Let f = -347 + 326. What is the hundreds digit of (-264)/(f/15 + 1)?
6
Suppose 4*h + 4436 = 5*v, -6*v + 11*v + 5*h = 4445. What is the tens digit of v?
8
Suppose -2 = -11*r + 9. What is the units digit of (-5 + (-6 - -10))/(r/(-455))?
5
Let v = 38 + -37. What is the hundreds digit of -1*(-3)/(-3)*(-346 - v)?
3
Let a(g) = 21*g**2 + 7*g + 14. Let q be a(-6). What is the hundreds digit of (q/13)/((-2)/(-16))?
4
Let h = 319 + -319. S